{"id":927,"date":"2025-02-11T20:32:40","date_gmt":"2025-02-11T19:32:40","guid":{"rendered":"https:\/\/polifusion.com\/peru\/?post_type=product&#038;p=927"},"modified":"2025-05-16T14:11:17","modified_gmt":"2025-05-16T18:11:17","slug":"dados-de-reparacion-fusion-para-tuberias","status":"publish","type":"product","link":"https:\/\/polifusion.com\/peru\/producto\/dados-de-reparacion-fusion-para-tuberias\/","title":{"rendered":"DADOS DE REPARACI\u00d3N FUSI\u00d3N PARA TUBER\u00cdAS"},"content":{"rendered":"<table class=\"table table-striped tabla_polifusion\">\n<caption><strong>DADOS DE REPARACI\u00d3N FUSI\u00d3N PARA TUBER\u00cdAS<\/strong><\/caption>\n<thead>\n<tr>\n<th>DIMENSI\u00d3N<\/th>\n<th>C\u00d3DIGO<\/th>\n<th>UNIDAD<\/th>\n<th>PRECIOS<\/th>\n<\/tr>\n<\/thead>\n<tbody>\n<tr>\n<td>DADO REPARACI\u00d3N 7mm<\/td>\n<td>7000001001-0007<\/td>\n<td>1<\/td>\n<td><strong>24.320<\/strong><\/td>\n<\/tr>\n<tr>\n<td>DADO REPARACI\u00d3N 9mm<\/td>\n<td>7000001001-0009<\/td>\n<td>1<\/td>\n<td><strong>24.509<\/strong><\/td>\n<\/tr>\n<tr>\n<td>DADO REPARACI\u00d3N 11mm<\/td>\n<td>7000001001-0011<\/td>\n<td>1<\/td>\n<td><strong>24.584<\/strong><\/td>\n<\/tr>\n<\/tbody>\n<\/table>\n","protected":false},"excerpt":{"rendered":"<p>DADOS DE REPARACI\u00d3N FUSI\u00d3N PARA TUBER\u00cdAS DIMENSI\u00d3N C\u00d3DIGO UNIDAD PRECIOS DADO REPARACI\u00d3N 7mm 7000001001-0007 1 24.320 DADO REPARACI\u00d3N 9mm 7000001001-0009 1 24.509 DADO REPARACI\u00d3N 11mm 7000001001-0011 1 24.584<\/p>\n","protected":false},"featured_media":3710,"comment_status":"open","ping_status":"closed","template":"","meta":{"_joinchat":[]},"product_brand":[],"product_cat":[124],"product_tag":[],"class_list":{"0":"post-927","1":"product","2":"type-product","3":"status-publish","4":"has-post-thumbnail","6":"product_cat-fusiotherm-y-dados","8":"first","9":"instock","10":"shipping-taxable","11":"product-type-simple"},"_links":{"self":[{"href":"https:\/\/polifusion.com\/peru\/wp-json\/wp\/v2\/product\/927","targetHints":{"allow":["GET"]}}],"collection":[{"href":"https:\/\/polifusion.com\/peru\/wp-json\/wp\/v2\/product"}],"about":[{"href":"https:\/\/polifusion.com\/peru\/wp-json\/wp\/v2\/types\/product"}],"replies":[{"embeddable":true,"href":"https:\/\/polifusion.com\/peru\/wp-json\/wp\/v2\/comments?post=927"}],"wp:featuredmedia":[{"embeddable":true,"href":"https:\/\/polifusion.com\/peru\/wp-json\/wp\/v2\/media\/3710"}],"wp:attachment":[{"href":"https:\/\/polifusion.com\/peru\/wp-json\/wp\/v2\/media?parent=927"}],"wp:term":[{"taxonomy":"product_brand","embeddable":true,"href":"https:\/\/polifusion.com\/peru\/wp-json\/wp\/v2\/product_brand?post=927"},{"taxonomy":"product_cat","embeddable":true,"href":"https:\/\/polifusion.com\/peru\/wp-json\/wp\/v2\/product_cat?post=927"},{"taxonomy":"product_tag","embeddable":true,"href":"https:\/\/polifusion.com\/peru\/wp-json\/wp\/v2\/product_tag?post=927"}],"curies":[{"name":"wp","href":"https:\/\/api.w.org\/{rel}","templated":true}]}}