{"id":731,"date":"2025-02-07T13:57:40","date_gmt":"2025-02-07T16:57:40","guid":{"rendered":"https:\/\/polifusion.com\/peru\/?post_type=product&#038;p=731"},"modified":"2025-05-16T14:11:04","modified_gmt":"2025-05-16T18:11:04","slug":"tuberias-aquasystem-tricapa-mineral-filler-ips-insonore-pipe-system-pp-tira-de-6-metros","status":"publish","type":"product","link":"https:\/\/polifusion.com\/peru\/producto\/tuberias-aquasystem-tricapa-mineral-filler-ips-insonore-pipe-system-pp-tira-de-6-metros\/","title":{"rendered":"TUBER\u00cdAS AQUASYSTEM TRICAPA MINERAL FILLER IPS (INSONORE PIPE SYSTEM) PP TIRA DE 6 METROS"},"content":{"rendered":"<table class=\"table\">\n<thead>\n<tr>\n<th>DIMENSI\u00d3N<\/th>\n<th>C\u00d3DIGO<\/th>\n<th>UNIDAD<\/th>\n<th>PRECIOS<\/th>\n<\/tr>\n<\/thead>\n<tbody>\n<tr style=\"text-align: center;\">\n<td>TUBER\u00cdA AQUASYSTEM 40mm TRICAPA<\/td>\n<td>2000004000-0040<\/td>\n<td>1<\/td>\n<td><strong>1.561<\/strong><\/td>\n<\/tr>\n<tr style=\"text-align: center; background-color: #F2F2F2;\">\n<td>TUBER\u00cdA AQUASYSTEM 50mm TRICAPA<\/td>\n<td>2000004000-0050<\/td>\n<td>1<\/td>\n<td><strong>2.136<\/strong><\/td>\n<\/tr>\n<tr style=\"text-align: center;\">\n<td>TUBER\u00cdA AQUASYSTEM 75mm TRICAPA<\/td>\n<td>2000004000-0075<\/td>\n<td>1<\/td>\n<td><strong>4.333<\/strong><\/td>\n<\/tr>\n<tr style=\"text-align: center; background-color: #F2F2F2;\">\n<td>TUBER\u00cdA AQUASYSTEM 110mm TRICAPA<\/td>\n<td>2000004000-0110<\/td>\n<td>1<\/td>\n<td><strong>10.372<\/strong><\/td>\n<\/tr>\n<tr style=\"text-align: center;\">\n<td>TUBER\u00cdA AQUASYSTEM 125mm TRICAPA<\/td>\n<td>2000004000-0125<\/td>\n<td>1<\/td>\n<td><strong>14.788<\/strong><\/td>\n<\/tr>\n<tr style=\"text-align: center; background-color: #F2F2F2;\">\n<td>TUBER\u00cdA AQUASYSTEM 160mm TRICAPA<\/td>\n<td>2000004000-0160<\/td>\n<td>1<\/td>\n<td><strong>25.905<\/strong><\/td>\n<\/tr>\n<tr style=\"text-align: center;\">\n<td>TUBER\u00cdA AQUASYSTEM 200mm TRICAPA<\/td>\n<td>2000004000-0200<\/td>\n<td>1<\/td>\n<td><strong>36.274<\/strong><\/td>\n<\/tr>\n<tr style=\"text-align: center; background-color: #F2F2F2;\">\n<td>TUBER\u00cdA AQUASYSTEM 250mm TRICAPA<\/td>\n<td>2000004000-0250<\/td>\n<td>1<\/td>\n<td><strong>51.929<\/strong><\/td>\n<\/tr>\n<tr style=\"text-align: center;\">\n<td>TUBER\u00cdA AQUASYSTEM 315mm TRICAPA<\/td>\n<td>2000004000-0315<\/td>\n<td>1<\/td>\n<td><strong>63.639<\/strong><\/td>\n<\/tr>\n<\/tbody>\n<\/table>\n","protected":false},"excerpt":{"rendered":"<p>DIMENSI\u00d3N C\u00d3DIGO UNIDAD PRECIOS TUBER\u00cdA AQUASYSTEM 40mm TRICAPA 2000004000-0040 1 1.561 TUBER\u00cdA AQUASYSTEM 50mm TRICAPA 2000004000-0050 1 2.136 TUBER\u00cdA AQUASYSTEM 75mm TRICAPA 2000004000-0075 1 4.333 TUBER\u00cdA AQUASYSTEM 110mm TRICAPA 2000004000-0110 1 10.372 TUBER\u00cdA AQUASYSTEM 125mm TRICAPA 2000004000-0125 1 14.788 TUBER\u00cdA AQUASYSTEM 160mm TRICAPA 2000004000-0160 1 25.905 TUBER\u00cdA AQUASYSTEM 200mm TRICAPA 2000004000-0200 1 36.274 TUBER\u00cdA AQUASYSTEM [&hellip;]<\/p>\n","protected":false},"featured_media":732,"comment_status":"open","ping_status":"closed","template":"","meta":{"_joinchat":[]},"product_brand":[],"product_cat":[115],"product_tag":[],"class_list":{"0":"post-731","1":"product","2":"type-product","3":"status-publish","4":"has-post-thumbnail","6":"product_cat-ips","8":"first","9":"instock","10":"shipping-taxable","11":"product-type-simple"},"_links":{"self":[{"href":"https:\/\/polifusion.com\/peru\/wp-json\/wp\/v2\/product\/731","targetHints":{"allow":["GET"]}}],"collection":[{"href":"https:\/\/polifusion.com\/peru\/wp-json\/wp\/v2\/product"}],"about":[{"href":"https:\/\/polifusion.com\/peru\/wp-json\/wp\/v2\/types\/product"}],"replies":[{"embeddable":true,"href":"https:\/\/polifusion.com\/peru\/wp-json\/wp\/v2\/comments?post=731"}],"wp:featuredmedia":[{"embeddable":true,"href":"https:\/\/polifusion.com\/peru\/wp-json\/wp\/v2\/media\/732"}],"wp:attachment":[{"href":"https:\/\/polifusion.com\/peru\/wp-json\/wp\/v2\/media?parent=731"}],"wp:term":[{"taxonomy":"product_brand","embeddable":true,"href":"https:\/\/polifusion.com\/peru\/wp-json\/wp\/v2\/product_brand?post=731"},{"taxonomy":"product_cat","embeddable":true,"href":"https:\/\/polifusion.com\/peru\/wp-json\/wp\/v2\/product_cat?post=731"},{"taxonomy":"product_tag","embeddable":true,"href":"https:\/\/polifusion.com\/peru\/wp-json\/wp\/v2\/product_tag?post=731"}],"curies":[{"name":"wp","href":"https:\/\/api.w.org\/{rel}","templated":true}]}}