{"id":269,"date":"2025-01-23T11:41:10","date_gmt":"2025-01-23T14:41:10","guid":{"rendered":"https:\/\/polifusion.com\/peru\/?post_type=product&#038;p=269"},"modified":"2025-07-17T12:04:16","modified_gmt":"2025-07-17T16:04:16","slug":"tuberias-polifusion-hdpe-100-nch-398-1-pn-6-sdr-276","status":"publish","type":"product","link":"https:\/\/polifusion.com\/peru\/producto\/tuberias-polifusion-hdpe-100-nch-398-1-pn-6-sdr-276\/","title":{"rendered":"TUBER\u00cdA POLIFUSI\u00d3N BETA PN-10 L\u00cdNEA AZUL"},"content":{"rendered":"<p><strong>PRESENTACI\u00d3N 5 METROS<\/strong><\/p>\n<table class=\"table table-striped tabla_polifusion\">\n<tbody>\n<tr>\n<td width=\"383\">D\u00cdAMETRO<\/td>\n<td width=\"192\">C\u00d3DIGO<\/td>\n<td width=\"87\">METROS<\/td>\n<\/tr>\n<tr>\n<td>TB 110&#215;5 MT POLIF.BETA PN-10<\/td>\n<td>20000095100110<\/td>\n<td>5<\/td>\n<\/tr>\n<tr>\n<td>TB 20&#215;5 mt POLIF.BETA PN-10<\/td>\n<td>20000095100020<\/td>\n<td>5<\/td>\n<\/tr>\n<tr>\n<td>TB 25&#215;5 mt POLIF. BETA PN-10<\/td>\n<td>20000095100025<\/td>\n<td>5<\/td>\n<\/tr>\n<tr>\n<td>TB 32&#215;5 mt POLIF. BETA PN-10<\/td>\n<td>20000095100032<\/td>\n<td>5<\/td>\n<\/tr>\n<tr>\n<td>TB 40&#215;5 mt POLIF. BETA PN-10<\/td>\n<td>20000095100040<\/td>\n<td>5<\/td>\n<\/tr>\n<tr>\n<td>TB 50&#215;5 mt POLIF. BETA PN-10<\/td>\n<td>20000095100050<\/td>\n<td>5<\/td>\n<\/tr>\n<tr>\n<td>TB 63&#215;5 mt POLIF. BETA PN-10 &#8211; PPR CT &#8211; L. AZUL<\/td>\n<td>20000095100063<\/td>\n<td>5<\/td>\n<\/tr>\n<tr>\n<td>TB 75&#215;5 mt POLIF. BETA PN-10 &#8211; PPR CT &#8211; L. AZUL<\/td>\n<td>20000095100075<\/td>\n<td>5<\/td>\n<\/tr>\n<tr>\n<td>TB 90&#215;5 mt POLIFUSION-BETA PN-10<\/td>\n<td>20000095100090<\/td>\n<td>5<\/td>\n<\/tr>\n<\/tbody>\n<\/table>\n<p><strong>PRESENTACI\u00d3N 6 METROS<\/strong><\/p>\n<table class=\"table table-striped tabla_polifusion\">\n<tbody>\n<tr>\n<td width=\"383\">D\u00cdAMETRO<\/td>\n<td width=\"192\">C\u00d3DIGO<\/td>\n<td width=\"87\">METROS<\/td>\n<\/tr>\n<tr>\n<td>TB 110&#215;6 mt POLIF-BETA pn-10<\/td>\n<td>20000091100110<\/td>\n<td>6<\/td>\n<\/tr>\n<tr>\n<td>TB 160&#215;6 mt POLIF-BETA pn-10<\/td>\n<td>20000091100160<\/td>\n<td>6<\/td>\n<\/tr>\n<tr>\n<td>TB 200&#215;6 mt POLIF. BETA PN-10 &#8211; PPR CT &#8211; L. AZUL<\/td>\n<td>20000091100200<\/td>\n<td>6<\/td>\n<\/tr>\n<tr>\n<td>TB 32&#215;6 MT POLIF BETA PN-10<\/td>\n<td>20000091100032<\/td>\n<td>6<\/td>\n<\/tr>\n<tr>\n<td>TB 40X6 mts POLIFUSION-BETA PN-10<\/td>\n<td>20000091100040<\/td>\n<td>6<\/td>\n<\/tr>\n<tr>\n<td>TB 63&#215;6 mt POLIF-BETA pn-10<\/td>\n<td>20000091100063<\/td>\n<td>6<\/td>\n<\/tr>\n<\/tbody>\n<\/table>\n","protected":false},"excerpt":{"rendered":"<p>PRESENTACI\u00d3N 5 METROS D\u00cdAMETRO C\u00d3DIGO METROS TB 110&#215;5 MT POLIF.BETA PN-10 20000095100110 5 TB 20&#215;5 mt POLIF.BETA PN-10 20000095100020 5 TB 25&#215;5 mt POLIF. BETA PN-10 20000095100025 5 TB 32&#215;5 mt POLIF. BETA PN-10 20000095100032 5 TB 40&#215;5 mt POLIF. BETA PN-10 20000095100040 5 TB 50&#215;5 mt POLIF. BETA PN-10 20000095100050 5 TB 63&#215;5 mt [&hellip;]<\/p>\n","protected":false},"featured_media":4102,"comment_status":"open","ping_status":"closed","template":"","meta":{"_joinchat":[]},"product_brand":[],"product_cat":[133,102],"product_tag":[],"class_list":{"0":"post-269","1":"product","2":"type-product","3":"status-publish","4":"has-post-thumbnail","6":"product_cat-tuberia-pp-rct","7":"product_cat-tuberias","9":"first","10":"instock","11":"shipping-taxable","12":"product-type-simple"},"_links":{"self":[{"href":"https:\/\/polifusion.com\/peru\/wp-json\/wp\/v2\/product\/269","targetHints":{"allow":["GET"]}}],"collection":[{"href":"https:\/\/polifusion.com\/peru\/wp-json\/wp\/v2\/product"}],"about":[{"href":"https:\/\/polifusion.com\/peru\/wp-json\/wp\/v2\/types\/product"}],"replies":[{"embeddable":true,"href":"https:\/\/polifusion.com\/peru\/wp-json\/wp\/v2\/comments?post=269"}],"wp:featuredmedia":[{"embeddable":true,"href":"https:\/\/polifusion.com\/peru\/wp-json\/wp\/v2\/media\/4102"}],"wp:attachment":[{"href":"https:\/\/polifusion.com\/peru\/wp-json\/wp\/v2\/media?parent=269"}],"wp:term":[{"taxonomy":"product_brand","embeddable":true,"href":"https:\/\/polifusion.com\/peru\/wp-json\/wp\/v2\/product_brand?post=269"},{"taxonomy":"product_cat","embeddable":true,"href":"https:\/\/polifusion.com\/peru\/wp-json\/wp\/v2\/product_cat?post=269"},{"taxonomy":"product_tag","embeddable":true,"href":"https:\/\/polifusion.com\/peru\/wp-json\/wp\/v2\/product_tag?post=269"}],"curies":[{"name":"wp","href":"https:\/\/api.w.org\/{rel}","templated":true}]}}