{"id":773,"date":"2025-02-07T20:13:09","date_gmt":"2025-02-07T19:13:09","guid":{"rendered":"https:\/\/polifusion.com\/colombia\/?post_type=product&#038;p=773"},"modified":"2025-05-29T16:12:37","modified_gmt":"2025-05-29T20:12:37","slug":"herramienta-de-conexion","status":"publish","type":"product","link":"https:\/\/polifusion.com\/colombia\/producto\/herramienta-de-conexion\/","title":{"rendered":"HERRAMIENTA DE CONEXI\u00d3N"},"content":{"rendered":"<p>&nbsp;<\/p>\n<table class=\"table\">\n<thead>\n<tr>\n<th>DIMENSI\u00d3N<\/th>\n<th>SAP<\/th>\n<th>UNIDAD<\/th>\n<th>PRECIO<\/th>\n<\/tr>\n<\/thead>\n<tbody>\n<tr style=\"text-align: center;\">\n<td>HERRAMIENTA DE CONEXI\u00d3N TUBOS 110 mm<\/td>\n<td>9100007000-0004<\/td>\n<td>1<\/td>\n<td><strong>141.960<\/strong><\/td>\n<\/tr>\n<tr style=\"text-align: center; background-color: #f2f2f2;\">\n<td>HERRAMIENTA DE CONEXI\u00d3N TUBOS 125 mm<\/td>\n<td>9100007000-0005<\/td>\n<td>1<\/td>\n<td><strong>183.426<\/strong><\/td>\n<\/tr>\n<tr style=\"text-align: center;\">\n<td>HERRAMIENTA DE CONEXI\u00d3N TUBOS 160 mm<\/td>\n<td>9100007000-0006<\/td>\n<td>1<\/td>\n<td><strong>224.360<\/strong><\/td>\n<\/tr>\n<tr style=\"text-align: center; background-color: #f2f2f2;\">\n<td>HERRAMIENTA DE CONEXI\u00d3N TUBOS 200 mm<\/td>\n<td>9100007000-0007<\/td>\n<td>1<\/td>\n<td><strong>264.325<\/strong><\/td>\n<\/tr>\n<\/tbody>\n<\/table>\n","protected":false},"excerpt":{"rendered":"<p>&nbsp; DIMENSI\u00d3N SAP UNIDAD PRECIO HERRAMIENTA DE CONEXI\u00d3N TUBOS 110 mm 9100007000-0004 1 141.960 HERRAMIENTA DE CONEXI\u00d3N TUBOS 125 mm 9100007000-0005 1 183.426 HERRAMIENTA DE CONEXI\u00d3N TUBOS 160 mm 9100007000-0006 1 224.360 HERRAMIENTA DE CONEXI\u00d3N TUBOS 200 mm 9100007000-0007 1 264.325<\/p>\n","protected":false},"featured_media":4414,"comment_status":"open","ping_status":"closed","template":"","meta":{"_joinchat":[]},"product_brand":[],"product_cat":[95],"product_tag":[],"class_list":{"0":"post-773","1":"product","2":"type-product","3":"status-publish","4":"has-post-thumbnail","6":"product_cat-herramientas","8":"first","9":"instock","10":"shipping-taxable","11":"product-type-simple"},"_links":{"self":[{"href":"https:\/\/polifusion.com\/colombia\/wp-json\/wp\/v2\/product\/773","targetHints":{"allow":["GET"]}}],"collection":[{"href":"https:\/\/polifusion.com\/colombia\/wp-json\/wp\/v2\/product"}],"about":[{"href":"https:\/\/polifusion.com\/colombia\/wp-json\/wp\/v2\/types\/product"}],"replies":[{"embeddable":true,"href":"https:\/\/polifusion.com\/colombia\/wp-json\/wp\/v2\/comments?post=773"}],"wp:featuredmedia":[{"embeddable":true,"href":"https:\/\/polifusion.com\/colombia\/wp-json\/wp\/v2\/media\/4414"}],"wp:attachment":[{"href":"https:\/\/polifusion.com\/colombia\/wp-json\/wp\/v2\/media?parent=773"}],"wp:term":[{"taxonomy":"product_brand","embeddable":true,"href":"https:\/\/polifusion.com\/colombia\/wp-json\/wp\/v2\/product_brand?post=773"},{"taxonomy":"product_cat","embeddable":true,"href":"https:\/\/polifusion.com\/colombia\/wp-json\/wp\/v2\/product_cat?post=773"},{"taxonomy":"product_tag","embeddable":true,"href":"https:\/\/polifusion.com\/colombia\/wp-json\/wp\/v2\/product_tag?post=773"}],"curies":[{"name":"wp","href":"https:\/\/api.w.org\/{rel}","templated":true}]}}