{"id":598,"date":"2025-02-04T15:04:24","date_gmt":"2025-02-04T14:04:24","guid":{"rendered":"https:\/\/polifusion.com\/colombia\/?post_type=product&#038;p=598"},"modified":"2025-05-16T09:57:01","modified_gmt":"2025-05-16T13:57:01","slug":"maquina-electrofusion-para-fittings-pp-rct-y-hdpe-con-lector-e-impresora","status":"publish","type":"product","link":"https:\/\/polifusion.com\/colombia\/producto\/maquina-electrofusion-para-fittings-pp-rct-y-hdpe-con-lector-e-impresora\/","title":{"rendered":"M\u00c1QUINA ELECTROFUSI\u00d3N PARA FITTINGS PP-RCT Y HDPE CON LECTOR E IMPRESORA"},"content":{"rendered":"<table class=\"table table-striped tabla_polifusion\">\n<thead>\n<tr>\n<th style=\"background-color: #9fc6e7; text-align: center;\" colspan=\"4\">M\u00c1QUINA ELECTROFUSI\u00d3N PARA FITTINGS PP-RCT Y HDPE CON LECTOR E IMPRESORA<\/th>\n<\/tr>\n<tr>\n<th>DIMENSI\u00d3N<\/th>\n<th>C\u00d3DIGO<\/th>\n<th>UNIDAD<\/th>\n<th>PRECIO UNITARIO<\/th>\n<\/tr>\n<\/thead>\n<tbody>\n<tr>\n<td>M\u00c1QUINA ELECTROFUSI\u00d3N PP-RCT \/ HDPE<\/td>\n<td>6000003701-0003<\/td>\n<td>1<\/td>\n<td><strong>1.691.373<\/strong><\/td>\n<\/tr>\n<tr>\n<td style=\"background-color: #d32f2f; color: white; text-align: center;\" colspan=\"4\">SOLO HASTA DI\u00c1METRO 315mm<\/td>\n<\/tr>\n<\/tbody>\n<\/table>\n","protected":false},"excerpt":{"rendered":"<p>M\u00c1QUINA ELECTROFUSI\u00d3N PARA FITTINGS PP-RCT Y HDPE CON LECTOR E IMPRESORA DIMENSI\u00d3N C\u00d3DIGO UNIDAD PRECIO UNITARIO M\u00c1QUINA ELECTROFUSI\u00d3N PP-RCT \/ HDPE 6000003701-0003 1 1.691.373 SOLO HASTA DI\u00c1METRO 315mm<\/p>\n","protected":false},"featured_media":4115,"comment_status":"open","ping_status":"closed","template":"","meta":{"_joinchat":[]},"product_brand":[],"product_cat":[124],"product_tag":[],"class_list":{"0":"post-598","1":"product","2":"type-product","3":"status-publish","4":"has-post-thumbnail","6":"product_cat-fusiotherm-y-dados","8":"first","9":"instock","10":"shipping-taxable","11":"product-type-simple"},"_links":{"self":[{"href":"https:\/\/polifusion.com\/colombia\/wp-json\/wp\/v2\/product\/598","targetHints":{"allow":["GET"]}}],"collection":[{"href":"https:\/\/polifusion.com\/colombia\/wp-json\/wp\/v2\/product"}],"about":[{"href":"https:\/\/polifusion.com\/colombia\/wp-json\/wp\/v2\/types\/product"}],"replies":[{"embeddable":true,"href":"https:\/\/polifusion.com\/colombia\/wp-json\/wp\/v2\/comments?post=598"}],"wp:featuredmedia":[{"embeddable":true,"href":"https:\/\/polifusion.com\/colombia\/wp-json\/wp\/v2\/media\/4115"}],"wp:attachment":[{"href":"https:\/\/polifusion.com\/colombia\/wp-json\/wp\/v2\/media?parent=598"}],"wp:term":[{"taxonomy":"product_brand","embeddable":true,"href":"https:\/\/polifusion.com\/colombia\/wp-json\/wp\/v2\/product_brand?post=598"},{"taxonomy":"product_cat","embeddable":true,"href":"https:\/\/polifusion.com\/colombia\/wp-json\/wp\/v2\/product_cat?post=598"},{"taxonomy":"product_tag","embeddable":true,"href":"https:\/\/polifusion.com\/colombia\/wp-json\/wp\/v2\/product_tag?post=598"}],"curies":[{"name":"wp","href":"https:\/\/api.w.org\/{rel}","templated":true}]}}