{"id":4698,"date":"2025-05-29T10:35:29","date_gmt":"2025-05-29T14:35:29","guid":{"rendered":"https:\/\/polifusion.com\/colombia\/?post_type=product&#038;p=4698"},"modified":"2025-05-29T10:35:29","modified_gmt":"2025-05-29T14:35:29","slug":"tuberias-pp-rc-serie-3-2-linea-roja-16mm-a-160mm","status":"publish","type":"product","link":"https:\/\/polifusion.com\/colombia\/producto\/tuberias-pp-rc-serie-3-2-linea-roja-16mm-a-160mm\/","title":{"rendered":"TUBER\u00cdAS PP-RC, Serie 3.2, L\u00cdNEA ROJA 16mm a 160mm"},"content":{"rendered":"<table width=\"741\">\n<tbody>\n<tr>\n<td colspan=\"5\" rowspan=\"3\" width=\"593\">TUBER\u00cdAS PP-RC, Serie 3.2, L\u00cdNEA ROJA<br \/>\n16mm a 160mm<\/td>\n<\/tr>\n<\/tbody>\n<\/table>\n<table width=\"462\">\n<tbody>\n<tr>\n<td width=\"197\">DI\u00c1METRO<\/td>\n<td width=\"140\">SAP<\/td>\n<td width=\"125\">METROS x UN<\/td>\n<\/tr>\n<tr>\n<td>16mm<\/td>\n<td>20000075000016<\/td>\n<td>5<\/td>\n<\/tr>\n<tr>\n<td>20mm<\/td>\n<td>20000075000020<\/td>\n<td>5<\/td>\n<\/tr>\n<tr>\n<td>25mm<\/td>\n<td>20000075000025<\/td>\n<td>5<\/td>\n<\/tr>\n<tr>\n<td>32mm<\/td>\n<td>20000075000032<\/td>\n<td>5<\/td>\n<\/tr>\n<tr>\n<td>40mm<\/td>\n<td>20000075000040<\/td>\n<td>5<\/td>\n<\/tr>\n<tr>\n<td>50mm<\/td>\n<td>20000075000050<\/td>\n<td>5<\/td>\n<\/tr>\n<tr>\n<td>63mm<\/td>\n<td>20000075000063<\/td>\n<td>5<\/td>\n<\/tr>\n<tr>\n<td>75mm<\/td>\n<td>20000075000075<\/td>\n<td>5<\/td>\n<\/tr>\n<tr>\n<td>90mm<\/td>\n<td>20000075000090<\/td>\n<td>5<\/td>\n<\/tr>\n<tr>\n<td>110mm<\/td>\n<td>20000075000110<\/td>\n<td>5<\/td>\n<\/tr>\n<tr>\n<td>125mm<\/td>\n<td>20000075000125<\/td>\n<td>5<\/td>\n<\/tr>\n<tr>\n<td>160mm<\/td>\n<td>20000075000160<\/td>\n<td>5<\/td>\n<\/tr>\n<\/tbody>\n<\/table>\n<p>&nbsp;<\/p>\n<table width=\"741\">\n<tbody>\n<tr>\n<td colspan=\"5\" rowspan=\"3\" width=\"593\">TUBER\u00cdAS PP-RCT, Serie 3.2, L\u00cdNEA ROJA<br \/>\nBETA NUCLEADO CRISTALINO TERMICO 200mm a 315mm<\/td>\n<\/tr>\n<\/tbody>\n<\/table>\n<table width=\"462\">\n<tbody>\n<tr>\n<td width=\"197\">DI\u00c1METRO<\/td>\n<td width=\"140\">SAP<\/td>\n<td width=\"125\">METROS x UN<\/td>\n<\/tr>\n<\/tbody>\n<\/table>\n<table width=\"462\">\n<tbody>\n<tr>\n<td width=\"197\">200mm<\/td>\n<td width=\"140\">20000095000200<\/td>\n<td width=\"125\">5<\/td>\n<\/tr>\n<tr>\n<td>250mm<\/td>\n<td>20000095000250<\/td>\n<td>5<\/td>\n<\/tr>\n<tr>\n<td>315mm<\/td>\n<td>20000095000315<\/td>\n<td>5<\/td>\n<\/tr>\n<\/tbody>\n<\/table>\n","protected":false},"excerpt":{"rendered":"<p>TUBER\u00cdAS PP-RC, Serie 3.2, L\u00cdNEA ROJA 16mm a 160mm DI\u00c1METRO SAP METROS x UN 16mm 20000075000016 5 20mm 20000075000020 5 25mm 20000075000025 5 32mm 20000075000032 5 40mm 20000075000040 5 50mm 20000075000050 5 63mm 20000075000063 5 75mm 20000075000075 5 90mm 20000075000090 5 110mm 20000075000110 5 125mm 20000075000125 5 160mm 20000075000160 5 &nbsp; TUBER\u00cdAS PP-RCT, Serie 3.2, [&hellip;]<\/p>\n","protected":false},"featured_media":4699,"comment_status":"open","ping_status":"closed","template":"","meta":{"_joinchat":[]},"product_brand":[],"product_cat":[132],"product_tag":[],"class_list":{"0":"post-4698","1":"product","2":"type-product","3":"status-publish","4":"has-post-thumbnail","6":"product_cat-tuberias-pp-rc","8":"first","9":"instock","10":"shipping-taxable","11":"product-type-simple"},"_links":{"self":[{"href":"https:\/\/polifusion.com\/colombia\/wp-json\/wp\/v2\/product\/4698","targetHints":{"allow":["GET"]}}],"collection":[{"href":"https:\/\/polifusion.com\/colombia\/wp-json\/wp\/v2\/product"}],"about":[{"href":"https:\/\/polifusion.com\/colombia\/wp-json\/wp\/v2\/types\/product"}],"replies":[{"embeddable":true,"href":"https:\/\/polifusion.com\/colombia\/wp-json\/wp\/v2\/comments?post=4698"}],"wp:featuredmedia":[{"embeddable":true,"href":"https:\/\/polifusion.com\/colombia\/wp-json\/wp\/v2\/media\/4699"}],"wp:attachment":[{"href":"https:\/\/polifusion.com\/colombia\/wp-json\/wp\/v2\/media?parent=4698"}],"wp:term":[{"taxonomy":"product_brand","embeddable":true,"href":"https:\/\/polifusion.com\/colombia\/wp-json\/wp\/v2\/product_brand?post=4698"},{"taxonomy":"product_cat","embeddable":true,"href":"https:\/\/polifusion.com\/colombia\/wp-json\/wp\/v2\/product_cat?post=4698"},{"taxonomy":"product_tag","embeddable":true,"href":"https:\/\/polifusion.com\/colombia\/wp-json\/wp\/v2\/product_tag?post=4698"}],"curies":[{"name":"wp","href":"https:\/\/api.w.org\/{rel}","templated":true}]}}