{"id":4670,"date":"2025-05-29T09:15:57","date_gmt":"2025-05-29T13:15:57","guid":{"rendered":"https:\/\/polifusion.com\/colombia\/?post_type=product&#038;p=4670"},"modified":"2025-06-02T17:14:39","modified_gmt":"2025-06-02T21:14:39","slug":"tuberias-pp-rct-fibra-vidrio-serie-3-2-pn-16-linea-naranja-preaisladas","status":"publish","type":"product","link":"https:\/\/polifusion.com\/colombia\/producto\/tuberias-pp-rct-fibra-vidrio-serie-3-2-pn-16-linea-naranja-preaisladas\/","title":{"rendered":"TUBER\u00cdAS PP-RCT, Fibra V\u00eddrio, Serie 3.2, PN-16, L\u00cdNEA NARANJA PREAISLADAS"},"content":{"rendered":"<table class=\"table table-striped tabla_polifusion\">\n<thead>\n<tr>\n<td width=\"348\">DI\u00c1METRO<\/td>\n<td width=\"125\">SAP<\/td>\n<td width=\"125\">METROS x UN<\/td>\n<\/tr>\n<\/thead>\n<tbody>\n<tr>\n<td>20mm \/ 75mm<\/td>\n<td>23000099600020<\/td>\n<td>5<\/td>\n<\/tr>\n<tr>\n<td>25mm \/ 75mm<\/td>\n<td>23000099600025<\/td>\n<td>5<\/td>\n<\/tr>\n<tr>\n<td>32mm \/ 75mm<\/td>\n<td>23000099600032<\/td>\n<td>5<\/td>\n<\/tr>\n<tr>\n<td>40mm \/ 110mm<\/td>\n<td>23000099600040<\/td>\n<td>5<\/td>\n<\/tr>\n<tr>\n<td>50mm \/ 110mm<\/td>\n<td>23000099600050<\/td>\n<td>5<\/td>\n<\/tr>\n<tr>\n<td>63mm \/ 125mm<\/td>\n<td>23000099600063<\/td>\n<td>5<\/td>\n<\/tr>\n<tr>\n<td>75mm \/ 160mm<\/td>\n<td>23000099600075<\/td>\n<td>5<\/td>\n<\/tr>\n<tr>\n<td>90mm \/ 160mm<\/td>\n<td>23000099600090<\/td>\n<td>5<\/td>\n<\/tr>\n<tr>\n<td>110mm \/ 200mm<\/td>\n<td>23000099600110<\/td>\n<td>5<\/td>\n<\/tr>\n<tr>\n<td>125mm \/ 200mm<\/td>\n<td>23000099600125<\/td>\n<td>5<\/td>\n<\/tr>\n<tr>\n<td>160mm \/ 250mm<\/td>\n<td>23000099600160<\/td>\n<td>5<\/td>\n<\/tr>\n<tr>\n<td>200mm \/ 315mm<\/td>\n<td>23000099600200<\/td>\n<td>5<\/td>\n<\/tr>\n<\/tbody>\n<\/table>\n","protected":false},"excerpt":{"rendered":"<p>DI\u00c1METRO SAP METROS x UN 20mm \/ 75mm 23000099600020 5 25mm \/ 75mm 23000099600025 5 32mm \/ 75mm 23000099600032 5 40mm \/ 110mm 23000099600040 5 50mm \/ 110mm 23000099600050 5 63mm \/ 125mm 23000099600063 5 75mm \/ 160mm 23000099600075 5 90mm \/ 160mm 23000099600090 5 110mm \/ 200mm 23000099600110 5 125mm \/ 200mm 23000099600125 5 [&hellip;]<\/p>\n","protected":false},"featured_media":4671,"comment_status":"open","ping_status":"closed","template":"","meta":{"_joinchat":[]},"product_brand":[],"product_cat":[130],"product_tag":[],"class_list":{"0":"post-4670","1":"product","2":"type-product","3":"status-publish","4":"has-post-thumbnail","6":"product_cat-tuberia-pp-rc-pre-aislado","8":"first","9":"instock","10":"shipping-taxable","11":"product-type-simple"},"_links":{"self":[{"href":"https:\/\/polifusion.com\/colombia\/wp-json\/wp\/v2\/product\/4670","targetHints":{"allow":["GET"]}}],"collection":[{"href":"https:\/\/polifusion.com\/colombia\/wp-json\/wp\/v2\/product"}],"about":[{"href":"https:\/\/polifusion.com\/colombia\/wp-json\/wp\/v2\/types\/product"}],"replies":[{"embeddable":true,"href":"https:\/\/polifusion.com\/colombia\/wp-json\/wp\/v2\/comments?post=4670"}],"wp:featuredmedia":[{"embeddable":true,"href":"https:\/\/polifusion.com\/colombia\/wp-json\/wp\/v2\/media\/4671"}],"wp:attachment":[{"href":"https:\/\/polifusion.com\/colombia\/wp-json\/wp\/v2\/media?parent=4670"}],"wp:term":[{"taxonomy":"product_brand","embeddable":true,"href":"https:\/\/polifusion.com\/colombia\/wp-json\/wp\/v2\/product_brand?post=4670"},{"taxonomy":"product_cat","embeddable":true,"href":"https:\/\/polifusion.com\/colombia\/wp-json\/wp\/v2\/product_cat?post=4670"},{"taxonomy":"product_tag","embeddable":true,"href":"https:\/\/polifusion.com\/colombia\/wp-json\/wp\/v2\/product_tag?post=4670"}],"curies":[{"name":"wp","href":"https:\/\/api.w.org\/{rel}","templated":true}]}}