{"id":952,"date":"2025-02-11T21:07:06","date_gmt":"2025-02-11T20:07:06","guid":{"rendered":"https:\/\/polifusion.com\/chile\/?post_type=product&#038;p=952"},"modified":"2025-04-15T18:34:17","modified_gmt":"2025-04-15T16:34:17","slug":"octopus-pipes-y-fitting-machine-sujetador-tuberias-y-fitting-para-una-facil-fusion-63-mm-a-160-mm","status":"publish","type":"product","link":"https:\/\/polifusion.com\/chile\/producto\/octopus-pipes-y-fitting-machine-sujetador-tuberias-y-fitting-para-una-facil-fusion-63-mm-a-160-mm\/","title":{"rendered":"OCTOPUS PIPES Y FITTING MACHINE, SUJETADOR TUBERIAS Y FITTING PARA UNA F\u00c1CIL FUSI\u00d3N 63 mm a 160 mm"},"content":{"rendered":"<table class=\"table table-striped tabla_polifusion\">\n<caption><strong>OCTOPUS PIPES Y FITTING MACHINE, SUJETADOR TUBER\u00cdAS Y FITTING<\/strong><\/p>\n<p>PARA UNA F\u00c1CIL FUSI\u00d3N 63 mm a 160 mm<\/caption>\n<thead>\n<tr>\n<th>DIMENSI\u00d3N<\/th>\n<th>C\u00d3DIGO<\/th>\n<th>U. x BOLSA<\/th>\n<th>PRECIOS<\/th>\n<\/tr>\n<\/thead>\n<tbody>\n<tr>\n<td>OCTOPUS MACHINE<\/td>\n<td>9100007000-0008<\/td>\n<td>1<\/td>\n<td><strong>991.333<\/strong><\/td>\n<\/tr>\n<\/tbody>\n<\/table>\n","protected":false},"excerpt":{"rendered":"<p>OCTOPUS PIPES Y FITTING MACHINE, SUJETADOR TUBER\u00cdAS Y FITTING PARA UNA F\u00c1CIL FUSI\u00d3N 63 mm a 160 mm DIMENSI\u00d3N C\u00d3DIGO U. x BOLSA PRECIOS OCTOPUS MACHINE 9100007000-0008 1 991.333<\/p>\n","protected":false},"featured_media":3740,"comment_status":"open","ping_status":"closed","template":"","meta":{"_joinchat":[]},"product_brand":[],"product_cat":[95],"product_tag":[],"class_list":{"0":"post-952","1":"product","2":"type-product","3":"status-publish","4":"has-post-thumbnail","6":"product_cat-herramientas","8":"first","9":"instock","10":"shipping-taxable","11":"product-type-simple"},"yoast_head":"<!-- This site is optimized with the Yoast SEO plugin v27.0 - https:\/\/yoast.com\/product\/yoast-seo-wordpress\/ -->\n<title>OCTOPUS PIPES Y FITTING MACHINE, SUJETADOR TUBERIAS Y FITTING PARA UNA F\u00c1CIL FUSI\u00d3N 63 mm a 160 mm - Polifusi\u00f3n<\/title>\n<meta name=\"robots\" content=\"index, follow, max-snippet:-1, max-image-preview:large, max-video-preview:-1\" \/>\n<link rel=\"canonical\" href=\"https:\/\/polifusion.com\/chile\/?product=octopus-pipes-y-fitting-machine-sujetador-tuberias-y-fitting-para-una-facil-fusion-63-mm-a-160-mm\" \/>\n<meta property=\"og:locale\" content=\"es_ES\" \/>\n<meta property=\"og:type\" content=\"article\" \/>\n<meta property=\"og:title\" content=\"OCTOPUS PIPES Y FITTING MACHINE, SUJETADOR TUBERIAS Y FITTING PARA UNA F\u00c1CIL FUSI\u00d3N 63 mm a 160 mm - Polifusi\u00f3n\" \/>\n<meta property=\"og:description\" content=\"OCTOPUS PIPES Y FITTING MACHINE, SUJETADOR TUBER\u00cdAS Y FITTING PARA UNA F\u00c1CIL FUSI\u00d3N 63 mm a 160 mm DIMENSI\u00d3N C\u00d3DIGO U. x BOLSA PRECIOS OCTOPUS MACHINE 9100007000-0008 1 991.333\" \/>\n<meta property=\"og:url\" content=\"https:\/\/polifusion.com\/chile\/?product=octopus-pipes-y-fitting-machine-sujetador-tuberias-y-fitting-para-una-facil-fusion-63-mm-a-160-mm\" \/>\n<meta property=\"og:site_name\" content=\"Polifusi\u00f3n\" \/>\n<meta property=\"article:modified_time\" content=\"2025-04-15T16:34:17+00:00\" \/>\n<meta property=\"og:image\" content=\"https:\/\/polifusion.com\/chile\/wp-content\/uploads\/2025\/02\/octopus-pipes.png\" \/>\n\t<meta property=\"og:image:width\" content=\"709\" \/>\n\t<meta property=\"og:image:height\" content=\"834\" \/>\n\t<meta property=\"og:image:type\" content=\"image\/png\" \/>\n<meta name=\"twitter:card\" content=\"summary_large_image\" \/>\n<script type=\"application\/ld+json\" class=\"yoast-schema-graph\">{\"@context\":\"https:\/\/schema.org\",\"@graph\":[{\"@type\":\"WebPage\",\"@id\":\"https:\/\/polifusion.com\/chile\/?product=octopus-pipes-y-fitting-machine-sujetador-tuberias-y-fitting-para-una-facil-fusion-63-mm-a-160-mm\",\"url\":\"https:\/\/polifusion.com\/chile\/?product=octopus-pipes-y-fitting-machine-sujetador-tuberias-y-fitting-para-una-facil-fusion-63-mm-a-160-mm\",\"name\":\"OCTOPUS PIPES Y FITTING MACHINE, SUJETADOR TUBERIAS Y FITTING PARA UNA F\u00c1CIL FUSI\u00d3N 63 mm a 160 mm - Polifusi\u00f3n\",\"isPartOf\":{\"@id\":\"https:\/\/polifusion.com\/chile\/#website\"},\"primaryImageOfPage\":{\"@id\":\"https:\/\/polifusion.com\/chile\/?product=octopus-pipes-y-fitting-machine-sujetador-tuberias-y-fitting-para-una-facil-fusion-63-mm-a-160-mm#primaryimage\"},\"image\":{\"@id\":\"https:\/\/polifusion.com\/chile\/?product=octopus-pipes-y-fitting-machine-sujetador-tuberias-y-fitting-para-una-facil-fusion-63-mm-a-160-mm#primaryimage\"},\"thumbnailUrl\":\"https:\/\/polifusion.com\/chile\/wp-content\/uploads\/2025\/02\/octopus-pipes.png\",\"datePublished\":\"2025-02-11T20:07:06+00:00\",\"dateModified\":\"2025-04-15T16:34:17+00:00\",\"breadcrumb\":{\"@id\":\"https:\/\/polifusion.com\/chile\/?product=octopus-pipes-y-fitting-machine-sujetador-tuberias-y-fitting-para-una-facil-fusion-63-mm-a-160-mm#breadcrumb\"},\"inLanguage\":\"es\",\"potentialAction\":[{\"@type\":\"ReadAction\",\"target\":[\"https:\/\/polifusion.com\/chile\/?product=octopus-pipes-y-fitting-machine-sujetador-tuberias-y-fitting-para-una-facil-fusion-63-mm-a-160-mm\"]}]},{\"@type\":\"ImageObject\",\"inLanguage\":\"es\",\"@id\":\"https:\/\/polifusion.com\/chile\/?product=octopus-pipes-y-fitting-machine-sujetador-tuberias-y-fitting-para-una-facil-fusion-63-mm-a-160-mm#primaryimage\",\"url\":\"https:\/\/polifusion.com\/chile\/wp-content\/uploads\/2025\/02\/octopus-pipes.png\",\"contentUrl\":\"https:\/\/polifusion.com\/chile\/wp-content\/uploads\/2025\/02\/octopus-pipes.png\",\"width\":709,\"height\":834},{\"@type\":\"BreadcrumbList\",\"@id\":\"https:\/\/polifusion.com\/chile\/?product=octopus-pipes-y-fitting-machine-sujetador-tuberias-y-fitting-para-una-facil-fusion-63-mm-a-160-mm#breadcrumb\",\"itemListElement\":[{\"@type\":\"ListItem\",\"position\":1,\"name\":\"Portada\",\"item\":\"https:\/\/polifusion.com\/chile\/\"},{\"@type\":\"ListItem\",\"position\":2,\"name\":\"Tienda\",\"item\":\"https:\/\/polifusion.com\/chile\/tienda\/\"},{\"@type\":\"ListItem\",\"position\":3,\"name\":\"OCTOPUS PIPES Y FITTING MACHINE, SUJETADOR TUBERIAS Y FITTING PARA UNA F\u00c1CIL FUSI\u00d3N 63 mm a 160 mm\"}]},{\"@type\":\"WebSite\",\"@id\":\"https:\/\/polifusion.com\/chile\/#website\",\"url\":\"https:\/\/polifusion.com\/chile\/\",\"name\":\"Polifusi\u00f3n\",\"description\":\"\",\"publisher\":{\"@id\":\"https:\/\/polifusion.com\/chile\/#organization\"},\"potentialAction\":[{\"@type\":\"SearchAction\",\"target\":{\"@type\":\"EntryPoint\",\"urlTemplate\":\"https:\/\/polifusion.com\/chile\/?s={search_term_string}\"},\"query-input\":{\"@type\":\"PropertyValueSpecification\",\"valueRequired\":true,\"valueName\":\"search_term_string\"}}],\"inLanguage\":\"es\"},{\"@type\":\"Organization\",\"@id\":\"https:\/\/polifusion.com\/chile\/#organization\",\"name\":\"Polifusi\u00f3n\",\"url\":\"https:\/\/polifusion.com\/chile\/\",\"logo\":{\"@type\":\"ImageObject\",\"inLanguage\":\"es\",\"@id\":\"https:\/\/polifusion.com\/chile\/#\/schema\/logo\/image\/\",\"url\":\"https:\/\/polifusion.com\/chile\/wp-content\/uploads\/2025\/06\/cropped-favicon_web_polifusion-2.png\",\"contentUrl\":\"https:\/\/polifusion.com\/chile\/wp-content\/uploads\/2025\/06\/cropped-favicon_web_polifusion-2.png\",\"width\":512,\"height\":512,\"caption\":\"Polifusi\u00f3n\"},\"image\":{\"@id\":\"https:\/\/polifusion.com\/chile\/#\/schema\/logo\/image\/\"},\"sameAs\":[\"https:\/\/www.instagram.com\/polifusion_chile\",\"https:\/\/www.linkedin.com\/company\/polifusin-chile\/\"]}]}<\/script>\n<!-- \/ Yoast SEO plugin. -->","yoast_head_json":{"title":"OCTOPUS PIPES Y FITTING MACHINE, SUJETADOR TUBERIAS Y FITTING PARA UNA F\u00c1CIL FUSI\u00d3N 63 mm a 160 mm - Polifusi\u00f3n","robots":{"index":"index","follow":"follow","max-snippet":"max-snippet:-1","max-image-preview":"max-image-preview:large","max-video-preview":"max-video-preview:-1"},"canonical":"https:\/\/polifusion.com\/chile\/?product=octopus-pipes-y-fitting-machine-sujetador-tuberias-y-fitting-para-una-facil-fusion-63-mm-a-160-mm","og_locale":"es_ES","og_type":"article","og_title":"OCTOPUS PIPES Y FITTING MACHINE, SUJETADOR TUBERIAS Y FITTING PARA UNA F\u00c1CIL FUSI\u00d3N 63 mm a 160 mm - Polifusi\u00f3n","og_description":"OCTOPUS PIPES Y FITTING MACHINE, SUJETADOR TUBER\u00cdAS Y FITTING PARA UNA F\u00c1CIL FUSI\u00d3N 63 mm a 160 mm DIMENSI\u00d3N C\u00d3DIGO U. x BOLSA PRECIOS OCTOPUS MACHINE 9100007000-0008 1 991.333","og_url":"https:\/\/polifusion.com\/chile\/?product=octopus-pipes-y-fitting-machine-sujetador-tuberias-y-fitting-para-una-facil-fusion-63-mm-a-160-mm","og_site_name":"Polifusi\u00f3n","article_modified_time":"2025-04-15T16:34:17+00:00","og_image":[{"width":709,"height":834,"url":"https:\/\/polifusion.com\/chile\/wp-content\/uploads\/2025\/02\/octopus-pipes.png","type":"image\/png"}],"twitter_card":"summary_large_image","schema":{"@context":"https:\/\/schema.org","@graph":[{"@type":"WebPage","@id":"https:\/\/polifusion.com\/chile\/?product=octopus-pipes-y-fitting-machine-sujetador-tuberias-y-fitting-para-una-facil-fusion-63-mm-a-160-mm","url":"https:\/\/polifusion.com\/chile\/?product=octopus-pipes-y-fitting-machine-sujetador-tuberias-y-fitting-para-una-facil-fusion-63-mm-a-160-mm","name":"OCTOPUS PIPES Y FITTING MACHINE, SUJETADOR TUBERIAS Y FITTING PARA UNA F\u00c1CIL FUSI\u00d3N 63 mm a 160 mm - Polifusi\u00f3n","isPartOf":{"@id":"https:\/\/polifusion.com\/chile\/#website"},"primaryImageOfPage":{"@id":"https:\/\/polifusion.com\/chile\/?product=octopus-pipes-y-fitting-machine-sujetador-tuberias-y-fitting-para-una-facil-fusion-63-mm-a-160-mm#primaryimage"},"image":{"@id":"https:\/\/polifusion.com\/chile\/?product=octopus-pipes-y-fitting-machine-sujetador-tuberias-y-fitting-para-una-facil-fusion-63-mm-a-160-mm#primaryimage"},"thumbnailUrl":"https:\/\/polifusion.com\/chile\/wp-content\/uploads\/2025\/02\/octopus-pipes.png","datePublished":"2025-02-11T20:07:06+00:00","dateModified":"2025-04-15T16:34:17+00:00","breadcrumb":{"@id":"https:\/\/polifusion.com\/chile\/?product=octopus-pipes-y-fitting-machine-sujetador-tuberias-y-fitting-para-una-facil-fusion-63-mm-a-160-mm#breadcrumb"},"inLanguage":"es","potentialAction":[{"@type":"ReadAction","target":["https:\/\/polifusion.com\/chile\/?product=octopus-pipes-y-fitting-machine-sujetador-tuberias-y-fitting-para-una-facil-fusion-63-mm-a-160-mm"]}]},{"@type":"ImageObject","inLanguage":"es","@id":"https:\/\/polifusion.com\/chile\/?product=octopus-pipes-y-fitting-machine-sujetador-tuberias-y-fitting-para-una-facil-fusion-63-mm-a-160-mm#primaryimage","url":"https:\/\/polifusion.com\/chile\/wp-content\/uploads\/2025\/02\/octopus-pipes.png","contentUrl":"https:\/\/polifusion.com\/chile\/wp-content\/uploads\/2025\/02\/octopus-pipes.png","width":709,"height":834},{"@type":"BreadcrumbList","@id":"https:\/\/polifusion.com\/chile\/?product=octopus-pipes-y-fitting-machine-sujetador-tuberias-y-fitting-para-una-facil-fusion-63-mm-a-160-mm#breadcrumb","itemListElement":[{"@type":"ListItem","position":1,"name":"Portada","item":"https:\/\/polifusion.com\/chile\/"},{"@type":"ListItem","position":2,"name":"Tienda","item":"https:\/\/polifusion.com\/chile\/tienda\/"},{"@type":"ListItem","position":3,"name":"OCTOPUS PIPES Y FITTING MACHINE, SUJETADOR TUBERIAS Y FITTING PARA UNA F\u00c1CIL FUSI\u00d3N 63 mm a 160 mm"}]},{"@type":"WebSite","@id":"https:\/\/polifusion.com\/chile\/#website","url":"https:\/\/polifusion.com\/chile\/","name":"Polifusi\u00f3n","description":"","publisher":{"@id":"https:\/\/polifusion.com\/chile\/#organization"},"potentialAction":[{"@type":"SearchAction","target":{"@type":"EntryPoint","urlTemplate":"https:\/\/polifusion.com\/chile\/?s={search_term_string}"},"query-input":{"@type":"PropertyValueSpecification","valueRequired":true,"valueName":"search_term_string"}}],"inLanguage":"es"},{"@type":"Organization","@id":"https:\/\/polifusion.com\/chile\/#organization","name":"Polifusi\u00f3n","url":"https:\/\/polifusion.com\/chile\/","logo":{"@type":"ImageObject","inLanguage":"es","@id":"https:\/\/polifusion.com\/chile\/#\/schema\/logo\/image\/","url":"https:\/\/polifusion.com\/chile\/wp-content\/uploads\/2025\/06\/cropped-favicon_web_polifusion-2.png","contentUrl":"https:\/\/polifusion.com\/chile\/wp-content\/uploads\/2025\/06\/cropped-favicon_web_polifusion-2.png","width":512,"height":512,"caption":"Polifusi\u00f3n"},"image":{"@id":"https:\/\/polifusion.com\/chile\/#\/schema\/logo\/image\/"},"sameAs":["https:\/\/www.instagram.com\/polifusion_chile","https:\/\/www.linkedin.com\/company\/polifusin-chile\/"]}]}},"_links":{"self":[{"href":"https:\/\/polifusion.com\/chile\/wp-json\/wp\/v2\/product\/952","targetHints":{"allow":["GET"]}}],"collection":[{"href":"https:\/\/polifusion.com\/chile\/wp-json\/wp\/v2\/product"}],"about":[{"href":"https:\/\/polifusion.com\/chile\/wp-json\/wp\/v2\/types\/product"}],"replies":[{"embeddable":true,"href":"https:\/\/polifusion.com\/chile\/wp-json\/wp\/v2\/comments?post=952"}],"wp:featuredmedia":[{"embeddable":true,"href":"https:\/\/polifusion.com\/chile\/wp-json\/wp\/v2\/media\/3740"}],"wp:attachment":[{"href":"https:\/\/polifusion.com\/chile\/wp-json\/wp\/v2\/media?parent=952"}],"wp:term":[{"taxonomy":"product_brand","embeddable":true,"href":"https:\/\/polifusion.com\/chile\/wp-json\/wp\/v2\/product_brand?post=952"},{"taxonomy":"product_cat","embeddable":true,"href":"https:\/\/polifusion.com\/chile\/wp-json\/wp\/v2\/product_cat?post=952"},{"taxonomy":"product_tag","embeddable":true,"href":"https:\/\/polifusion.com\/chile\/wp-json\/wp\/v2\/product_tag?post=952"}],"curies":[{"name":"wp","href":"https:\/\/api.w.org\/{rel}","templated":true}]}}