{"id":841,"date":"2025-02-09T03:08:58","date_gmt":"2025-02-09T02:08:58","guid":{"rendered":"https:\/\/polifusion.com\/chile\/?post_type=product&#038;p=841"},"modified":"2025-06-06T17:34:55","modified_gmt":"2025-06-06T15:34:55","slug":"aislante-termico-de-espuma-elastomerica-celda-cerrada-en-planchas","status":"publish","type":"product","link":"https:\/\/polifusion.com\/chile\/producto\/aislante-termico-de-espuma-elastomerica-celda-cerrada-en-planchas\/","title":{"rendered":"AISLANTE T\u00c9RMICO DE ESPUMA ELASTOM\u00c9RICA CELDA CERRADA EN PLANCHAS"},"content":{"rendered":"<p>&nbsp;<\/p>\n<table class=\"table\">\n<thead>\n<tr>\n<th>Espesor Plancha en mm<\/th>\n<th>Largo M<\/th>\n<th>Ancho M<\/th>\n<th>M\u00b2<\/th>\n<th>C\u00d3DIGOS<\/th>\n<th><\/th>\n<\/tr>\n<\/thead>\n<tbody>\n<tr style=\"text-align: center;\">\n<td>19<\/td>\n<td>10<\/td>\n<td>1<\/td>\n<td>10 m\u00b2<\/td>\n<td>2500008000-0119<\/td>\n<td><\/td>\n<\/tr>\n<tr style=\"text-align: center; background-color: #f0f0f0;\">\n<td>25<\/td>\n<td>8<\/td>\n<td>1<\/td>\n<td>8 m\u00b2<\/td>\n<td>2500008000-0025<\/td>\n<td><\/td>\n<\/tr>\n<tr style=\"text-align: center; background-color: #f0f0f0;\">\n<td>32<\/td>\n<td>6<\/td>\n<td>1<\/td>\n<td>6 m\u00b2<\/td>\n<td>2500008000-0032<\/td>\n<td><\/td>\n<\/tr>\n<\/tbody>\n<\/table>\n","protected":false},"excerpt":{"rendered":"<p>&nbsp; Espesor Plancha en mm Largo M Ancho M M\u00b2 C\u00d3DIGOS 19 10 1 10 m\u00b2 2500008000-0119 25 8 1 8 m\u00b2 2500008000-0025 32 6 1 6 m\u00b2 2500008000-0032<\/p>\n","protected":false},"featured_media":4359,"comment_status":"open","ping_status":"closed","template":"","meta":{"_joinchat":[]},"product_brand":[],"product_cat":[117],"product_tag":[],"class_list":{"0":"post-841","1":"product","2":"type-product","3":"status-publish","4":"has-post-thumbnail","6":"product_cat-aislacion","8":"first","9":"instock","10":"shipping-taxable","11":"product-type-simple"},"yoast_head":"<!-- This site is optimized with the Yoast SEO plugin v27.0 - https:\/\/yoast.com\/product\/yoast-seo-wordpress\/ -->\n<title>AISLANTE T\u00c9RMICO DE ESPUMA ELASTOM\u00c9RICA CELDA CERRADA EN PLANCHAS - Polifusi\u00f3n<\/title>\n<meta name=\"robots\" content=\"index, follow, max-snippet:-1, max-image-preview:large, max-video-preview:-1\" \/>\n<link rel=\"canonical\" href=\"https:\/\/polifusion.com\/chile\/?product=aislante-termico-de-espuma-elastomerica-celda-cerrada-en-planchas\" \/>\n<meta property=\"og:locale\" content=\"es_ES\" \/>\n<meta property=\"og:type\" content=\"article\" \/>\n<meta property=\"og:title\" content=\"AISLANTE T\u00c9RMICO DE ESPUMA ELASTOM\u00c9RICA CELDA CERRADA EN PLANCHAS - Polifusi\u00f3n\" \/>\n<meta property=\"og:description\" content=\"&nbsp; Espesor Plancha en mm Largo M Ancho M M\u00b2 C\u00d3DIGOS 19 10 1 10 m\u00b2 2500008000-0119 25 8 1 8 m\u00b2 2500008000-0025 32 6 1 6 m\u00b2 2500008000-0032\" \/>\n<meta property=\"og:url\" content=\"https:\/\/polifusion.com\/chile\/?product=aislante-termico-de-espuma-elastomerica-celda-cerrada-en-planchas\" \/>\n<meta property=\"og:site_name\" content=\"Polifusi\u00f3n\" \/>\n<meta property=\"article:modified_time\" content=\"2025-06-06T15:34:55+00:00\" \/>\n<meta property=\"og:image\" content=\"https:\/\/polifusion.com\/chile\/wp-content\/uploads\/2025\/02\/aislante-termico_plancha_web.png\" \/>\n\t<meta property=\"og:image:width\" content=\"709\" \/>\n\t<meta property=\"og:image:height\" content=\"834\" \/>\n\t<meta property=\"og:image:type\" content=\"image\/png\" \/>\n<meta name=\"twitter:card\" content=\"summary_large_image\" \/>\n<script type=\"application\/ld+json\" class=\"yoast-schema-graph\">{\"@context\":\"https:\/\/schema.org\",\"@graph\":[{\"@type\":\"WebPage\",\"@id\":\"https:\/\/polifusion.com\/chile\/?product=aislante-termico-de-espuma-elastomerica-celda-cerrada-en-planchas\",\"url\":\"https:\/\/polifusion.com\/chile\/?product=aislante-termico-de-espuma-elastomerica-celda-cerrada-en-planchas\",\"name\":\"AISLANTE T\u00c9RMICO DE ESPUMA ELASTOM\u00c9RICA CELDA CERRADA EN PLANCHAS - Polifusi\u00f3n\",\"isPartOf\":{\"@id\":\"https:\/\/polifusion.com\/chile\/#website\"},\"primaryImageOfPage\":{\"@id\":\"https:\/\/polifusion.com\/chile\/?product=aislante-termico-de-espuma-elastomerica-celda-cerrada-en-planchas#primaryimage\"},\"image\":{\"@id\":\"https:\/\/polifusion.com\/chile\/?product=aislante-termico-de-espuma-elastomerica-celda-cerrada-en-planchas#primaryimage\"},\"thumbnailUrl\":\"https:\/\/polifusion.com\/chile\/wp-content\/uploads\/2025\/02\/aislante-termico_plancha_web.png\",\"datePublished\":\"2025-02-09T02:08:58+00:00\",\"dateModified\":\"2025-06-06T15:34:55+00:00\",\"breadcrumb\":{\"@id\":\"https:\/\/polifusion.com\/chile\/?product=aislante-termico-de-espuma-elastomerica-celda-cerrada-en-planchas#breadcrumb\"},\"inLanguage\":\"es\",\"potentialAction\":[{\"@type\":\"ReadAction\",\"target\":[\"https:\/\/polifusion.com\/chile\/?product=aislante-termico-de-espuma-elastomerica-celda-cerrada-en-planchas\"]}]},{\"@type\":\"ImageObject\",\"inLanguage\":\"es\",\"@id\":\"https:\/\/polifusion.com\/chile\/?product=aislante-termico-de-espuma-elastomerica-celda-cerrada-en-planchas#primaryimage\",\"url\":\"https:\/\/polifusion.com\/chile\/wp-content\/uploads\/2025\/02\/aislante-termico_plancha_web.png\",\"contentUrl\":\"https:\/\/polifusion.com\/chile\/wp-content\/uploads\/2025\/02\/aislante-termico_plancha_web.png\",\"width\":709,\"height\":834},{\"@type\":\"BreadcrumbList\",\"@id\":\"https:\/\/polifusion.com\/chile\/?product=aislante-termico-de-espuma-elastomerica-celda-cerrada-en-planchas#breadcrumb\",\"itemListElement\":[{\"@type\":\"ListItem\",\"position\":1,\"name\":\"Portada\",\"item\":\"https:\/\/polifusion.com\/chile\/\"},{\"@type\":\"ListItem\",\"position\":2,\"name\":\"Tienda\",\"item\":\"https:\/\/polifusion.com\/chile\/tienda\/\"},{\"@type\":\"ListItem\",\"position\":3,\"name\":\"AISLANTE T\u00c9RMICO DE ESPUMA ELASTOM\u00c9RICA CELDA CERRADA EN PLANCHAS\"}]},{\"@type\":\"WebSite\",\"@id\":\"https:\/\/polifusion.com\/chile\/#website\",\"url\":\"https:\/\/polifusion.com\/chile\/\",\"name\":\"Polifusi\u00f3n\",\"description\":\"\",\"publisher\":{\"@id\":\"https:\/\/polifusion.com\/chile\/#organization\"},\"potentialAction\":[{\"@type\":\"SearchAction\",\"target\":{\"@type\":\"EntryPoint\",\"urlTemplate\":\"https:\/\/polifusion.com\/chile\/?s={search_term_string}\"},\"query-input\":{\"@type\":\"PropertyValueSpecification\",\"valueRequired\":true,\"valueName\":\"search_term_string\"}}],\"inLanguage\":\"es\"},{\"@type\":\"Organization\",\"@id\":\"https:\/\/polifusion.com\/chile\/#organization\",\"name\":\"Polifusi\u00f3n\",\"url\":\"https:\/\/polifusion.com\/chile\/\",\"logo\":{\"@type\":\"ImageObject\",\"inLanguage\":\"es\",\"@id\":\"https:\/\/polifusion.com\/chile\/#\/schema\/logo\/image\/\",\"url\":\"https:\/\/polifusion.com\/chile\/wp-content\/uploads\/2025\/06\/cropped-favicon_web_polifusion-2.png\",\"contentUrl\":\"https:\/\/polifusion.com\/chile\/wp-content\/uploads\/2025\/06\/cropped-favicon_web_polifusion-2.png\",\"width\":512,\"height\":512,\"caption\":\"Polifusi\u00f3n\"},\"image\":{\"@id\":\"https:\/\/polifusion.com\/chile\/#\/schema\/logo\/image\/\"},\"sameAs\":[\"https:\/\/www.instagram.com\/polifusion_chile\",\"https:\/\/www.linkedin.com\/company\/polifusin-chile\/\"]}]}<\/script>\n<!-- \/ Yoast SEO plugin. -->","yoast_head_json":{"title":"AISLANTE T\u00c9RMICO DE ESPUMA ELASTOM\u00c9RICA CELDA CERRADA EN PLANCHAS - Polifusi\u00f3n","robots":{"index":"index","follow":"follow","max-snippet":"max-snippet:-1","max-image-preview":"max-image-preview:large","max-video-preview":"max-video-preview:-1"},"canonical":"https:\/\/polifusion.com\/chile\/?product=aislante-termico-de-espuma-elastomerica-celda-cerrada-en-planchas","og_locale":"es_ES","og_type":"article","og_title":"AISLANTE T\u00c9RMICO DE ESPUMA ELASTOM\u00c9RICA CELDA CERRADA EN PLANCHAS - Polifusi\u00f3n","og_description":"&nbsp; Espesor Plancha en mm Largo M Ancho M M\u00b2 C\u00d3DIGOS 19 10 1 10 m\u00b2 2500008000-0119 25 8 1 8 m\u00b2 2500008000-0025 32 6 1 6 m\u00b2 2500008000-0032","og_url":"https:\/\/polifusion.com\/chile\/?product=aislante-termico-de-espuma-elastomerica-celda-cerrada-en-planchas","og_site_name":"Polifusi\u00f3n","article_modified_time":"2025-06-06T15:34:55+00:00","og_image":[{"width":709,"height":834,"url":"https:\/\/polifusion.com\/chile\/wp-content\/uploads\/2025\/02\/aislante-termico_plancha_web.png","type":"image\/png"}],"twitter_card":"summary_large_image","schema":{"@context":"https:\/\/schema.org","@graph":[{"@type":"WebPage","@id":"https:\/\/polifusion.com\/chile\/?product=aislante-termico-de-espuma-elastomerica-celda-cerrada-en-planchas","url":"https:\/\/polifusion.com\/chile\/?product=aislante-termico-de-espuma-elastomerica-celda-cerrada-en-planchas","name":"AISLANTE T\u00c9RMICO DE ESPUMA ELASTOM\u00c9RICA CELDA CERRADA EN PLANCHAS - Polifusi\u00f3n","isPartOf":{"@id":"https:\/\/polifusion.com\/chile\/#website"},"primaryImageOfPage":{"@id":"https:\/\/polifusion.com\/chile\/?product=aislante-termico-de-espuma-elastomerica-celda-cerrada-en-planchas#primaryimage"},"image":{"@id":"https:\/\/polifusion.com\/chile\/?product=aislante-termico-de-espuma-elastomerica-celda-cerrada-en-planchas#primaryimage"},"thumbnailUrl":"https:\/\/polifusion.com\/chile\/wp-content\/uploads\/2025\/02\/aislante-termico_plancha_web.png","datePublished":"2025-02-09T02:08:58+00:00","dateModified":"2025-06-06T15:34:55+00:00","breadcrumb":{"@id":"https:\/\/polifusion.com\/chile\/?product=aislante-termico-de-espuma-elastomerica-celda-cerrada-en-planchas#breadcrumb"},"inLanguage":"es","potentialAction":[{"@type":"ReadAction","target":["https:\/\/polifusion.com\/chile\/?product=aislante-termico-de-espuma-elastomerica-celda-cerrada-en-planchas"]}]},{"@type":"ImageObject","inLanguage":"es","@id":"https:\/\/polifusion.com\/chile\/?product=aislante-termico-de-espuma-elastomerica-celda-cerrada-en-planchas#primaryimage","url":"https:\/\/polifusion.com\/chile\/wp-content\/uploads\/2025\/02\/aislante-termico_plancha_web.png","contentUrl":"https:\/\/polifusion.com\/chile\/wp-content\/uploads\/2025\/02\/aislante-termico_plancha_web.png","width":709,"height":834},{"@type":"BreadcrumbList","@id":"https:\/\/polifusion.com\/chile\/?product=aislante-termico-de-espuma-elastomerica-celda-cerrada-en-planchas#breadcrumb","itemListElement":[{"@type":"ListItem","position":1,"name":"Portada","item":"https:\/\/polifusion.com\/chile\/"},{"@type":"ListItem","position":2,"name":"Tienda","item":"https:\/\/polifusion.com\/chile\/tienda\/"},{"@type":"ListItem","position":3,"name":"AISLANTE T\u00c9RMICO DE ESPUMA ELASTOM\u00c9RICA CELDA CERRADA EN PLANCHAS"}]},{"@type":"WebSite","@id":"https:\/\/polifusion.com\/chile\/#website","url":"https:\/\/polifusion.com\/chile\/","name":"Polifusi\u00f3n","description":"","publisher":{"@id":"https:\/\/polifusion.com\/chile\/#organization"},"potentialAction":[{"@type":"SearchAction","target":{"@type":"EntryPoint","urlTemplate":"https:\/\/polifusion.com\/chile\/?s={search_term_string}"},"query-input":{"@type":"PropertyValueSpecification","valueRequired":true,"valueName":"search_term_string"}}],"inLanguage":"es"},{"@type":"Organization","@id":"https:\/\/polifusion.com\/chile\/#organization","name":"Polifusi\u00f3n","url":"https:\/\/polifusion.com\/chile\/","logo":{"@type":"ImageObject","inLanguage":"es","@id":"https:\/\/polifusion.com\/chile\/#\/schema\/logo\/image\/","url":"https:\/\/polifusion.com\/chile\/wp-content\/uploads\/2025\/06\/cropped-favicon_web_polifusion-2.png","contentUrl":"https:\/\/polifusion.com\/chile\/wp-content\/uploads\/2025\/06\/cropped-favicon_web_polifusion-2.png","width":512,"height":512,"caption":"Polifusi\u00f3n"},"image":{"@id":"https:\/\/polifusion.com\/chile\/#\/schema\/logo\/image\/"},"sameAs":["https:\/\/www.instagram.com\/polifusion_chile","https:\/\/www.linkedin.com\/company\/polifusin-chile\/"]}]}},"_links":{"self":[{"href":"https:\/\/polifusion.com\/chile\/wp-json\/wp\/v2\/product\/841","targetHints":{"allow":["GET"]}}],"collection":[{"href":"https:\/\/polifusion.com\/chile\/wp-json\/wp\/v2\/product"}],"about":[{"href":"https:\/\/polifusion.com\/chile\/wp-json\/wp\/v2\/types\/product"}],"replies":[{"embeddable":true,"href":"https:\/\/polifusion.com\/chile\/wp-json\/wp\/v2\/comments?post=841"}],"wp:featuredmedia":[{"embeddable":true,"href":"https:\/\/polifusion.com\/chile\/wp-json\/wp\/v2\/media\/4359"}],"wp:attachment":[{"href":"https:\/\/polifusion.com\/chile\/wp-json\/wp\/v2\/media?parent=841"}],"wp:term":[{"taxonomy":"product_brand","embeddable":true,"href":"https:\/\/polifusion.com\/chile\/wp-json\/wp\/v2\/product_brand?post=841"},{"taxonomy":"product_cat","embeddable":true,"href":"https:\/\/polifusion.com\/chile\/wp-json\/wp\/v2\/product_cat?post=841"},{"taxonomy":"product_tag","embeddable":true,"href":"https:\/\/polifusion.com\/chile\/wp-json\/wp\/v2\/product_tag?post=841"}],"curies":[{"name":"wp","href":"https:\/\/api.w.org\/{rel}","templated":true}]}}