{"id":370,"date":"2025-01-27T21:49:29","date_gmt":"2025-01-27T20:49:29","guid":{"rendered":"https:\/\/polifusion.com\/chile\/?post_type=product&#038;p=370"},"modified":"2025-04-30T20:55:05","modified_gmt":"2025-04-30T18:55:05","slug":"stub-end-termofusion-inyectado-pn-16","status":"publish","type":"product","link":"https:\/\/polifusion.com\/chile\/producto\/stub-end-termofusion-inyectado-pn-16\/","title":{"rendered":"STUB END TERMOFUSI\u00d3N INYECTADO PN-16"},"content":{"rendered":"<style>\ntable {<br \/>width: 100%;<br \/>border-collapse: collapse;<br \/>font-family: Arial, sans-serif;<br \/>}<br \/>th, td {<br \/>border: 1px solid #ccc;<br \/>padding: 10px;<br \/>text-align: left;<br \/>}<br \/>th {<br \/>background-color: #2f6f9f;<br \/>color: white;<br \/>}<br \/>.header {<br \/>background-color: #a9c8df;<br \/>font-weight: bold;<br \/>font-size: 1.2em;<br \/>text-align: center;<br \/>padding: 10px;<br \/>margin-top: 20px;<br \/>}<br \/>.bold {<br \/>font-weight: bold;<br \/>}<br \/>tr:nth-child(even) {<br \/>background-color: #f2f2f2;<br \/>}<br \/><\/style>\n<div class=\"header\">STUB END TERMOFUSI\u00d3N INYECTADO PN-16<\/div>\n<p>&nbsp;<\/p>\n<table class=\"table table-striped tabla_polifusion\">\n<thead>\n<tr>\n<th>DIMENSI\u00d3N<\/th>\n<th>C\u00d3DIGO<\/th>\n<th>PRECIO<\/th>\n<\/tr>\n<\/thead>\n<tbody>\n<tr>\n<td>STUB END 32MM PE100, PN-16 TF INY.<\/td>\n<td>3910002032-0032<\/td>\n<td><\/td>\n<\/tr>\n<tr>\n<td>STUB END 40MM PE100, PN-16 TF INY.<\/td>\n<td>3910002032-0040<\/td>\n<td><\/td>\n<\/tr>\n<tr>\n<td>STUB END 50MM PE100, PN-16 TF INY.<\/td>\n<td>3910002032-0050<\/td>\n<td><\/td>\n<\/tr>\n<tr>\n<td>STUB END 63MM PE100, PN-16 TF INY.<\/td>\n<td>3910002032-0063<\/td>\n<td><\/td>\n<\/tr>\n<tr>\n<td>STUB END 75MM PE100, PN-16 TF INY.<\/td>\n<td>3910002032-0075<\/td>\n<td><\/td>\n<\/tr>\n<tr>\n<td>STUB END 90MM PE100, PN-16 TF INY.<\/td>\n<td>3910002032-0090<\/td>\n<td><\/td>\n<\/tr>\n<tr>\n<td>STUB END 110MM PE100, PN-16 TF INY.<\/td>\n<td>3910002032-0110<\/td>\n<td><\/td>\n<\/tr>\n<tr>\n<td>STUB END 125MM PE100, PN-16 TF INY.<\/td>\n<td>3910002032-0125<\/td>\n<td><\/td>\n<\/tr>\n<tr>\n<td>STUB END 140MM PE100, PN-16 TF INY.<\/td>\n<td>3910002032-0141<\/td>\n<td><\/td>\n<\/tr>\n<tr>\n<td>STUB END 160MM PE100, PN-16 TF INY.<\/td>\n<td>3910002032-0161<\/td>\n<td><\/td>\n<\/tr>\n<tr>\n<td>STUB END 180MM PE100, PN-16 TF INY.<\/td>\n<td>3910002032-0180<\/td>\n<td><\/td>\n<\/tr>\n<tr>\n<td>STUB END 200MM PE100, PN-16 TF INY.<\/td>\n<td>3910002032-0201<\/td>\n<td><\/td>\n<\/tr>\n<tr>\n<td>STUB END 225MM PE100, PN-16 TF INY.<\/td>\n<td>3910002032-0226<\/td>\n<td><\/td>\n<\/tr>\n<tr>\n<td>STUB END 250MM PE100, PN-16 TF INY.<\/td>\n<td>3910002032-0251<\/td>\n<td><\/td>\n<\/tr>\n<tr>\n<td>STUB END 280MM PE100, PN-16 TF INY.<\/td>\n<td>3910002032-0280<\/td>\n<td><\/td>\n<\/tr>\n<tr>\n<td>STUB END 315MM PE100, PN-16 TF INY.<\/td>\n<td>3910002032-0316<\/td>\n<td><\/td>\n<\/tr>\n<tr>\n<td>STUB END 355MM PE100, PN-16 TF INY.<\/td>\n<td>3910002032-0356<\/td>\n<td><\/td>\n<\/tr>\n<tr>\n<td>STUB END 400MM PE100, PN-16 TF INY.<\/td>\n<td>3910002032-0401<\/td>\n<td><\/td>\n<\/tr>\n<tr>\n<td>STUB END 450MM PE100, PN-16 TF INY.<\/td>\n<td>3910002032-0450<\/td>\n<td><\/td>\n<\/tr>\n<tr>\n<td>STUB END 500MM PE100, PN-16 TF INY.<\/td>\n<td>3910002032-0501<\/td>\n<td><\/td>\n<\/tr>\n<tr>\n<td>STUB END 560MM PE100, PN-16 TF INY.<\/td>\n<td>3910002032-0560<\/td>\n<td><\/td>\n<\/tr>\n<tr>\n<td>STUB END 630MM PE100, PN-16 TF INY.<\/td>\n<td>3910002032-0630<\/td>\n<td><\/td>\n<\/tr>\n<\/tbody>\n<\/table>\n<div><\/div>\n<div><\/div>\n<div class=\"header\">STUB END TERMOFUSI\u00d3N INYECTADO PN-10<\/div>\n<table class=\"table table-striped tabla_polifusion\">\n<thead>\n<tr>\n<th>DIMENSI\u00d3N<\/th>\n<th>C\u00d3DIGO<\/th>\n<th>PRECIO<\/th>\n<\/tr>\n<\/thead>\n<tbody>\n<tr>\n<td>STUB END 90MM PE100, PN-10 TF INY.<\/td>\n<td>3920002032-0090<\/td>\n<td><\/td>\n<\/tr>\n<tr>\n<td>STUB END 110MM PE100, PN-10 TF INY.<\/td>\n<td>3920002032-0110<\/td>\n<td><\/td>\n<\/tr>\n<tr>\n<td>STUB END 125MM PE100, PN-10 TF INY.<\/td>\n<td>3920002032-0125<\/td>\n<td><\/td>\n<\/tr>\n<tr>\n<td>STUB END 160MM PE100, PN-12,5 TF INY.<\/td>\n<td>3920002032-0160<\/td>\n<td><\/td>\n<\/tr>\n<tr>\n<td>STUB END 200MM PE100, PN-10 TF INY.<\/td>\n<td>3920002032-0200<\/td>\n<td><\/td>\n<\/tr>\n<tr>\n<td>STUB END 225MM PE100, PN-10 TF INY.<\/td>\n<td>3920002032-0225<\/td>\n<td><\/td>\n<\/tr>\n<tr>\n<td>STUB END 250MM PE100, PN-10 TF INY.<\/td>\n<td>3920002032-0250<\/td>\n<td><\/td>\n<\/tr>\n<tr>\n<td>STUB END 280MM PE100, PN-10 TF INY.<\/td>\n<td>3920002032-0280<\/td>\n<td><\/td>\n<\/tr>\n<tr>\n<td>STUB END 315MM PE100, PN-10 TF INY.<\/td>\n<td>3920002032-0315<\/td>\n<td><\/td>\n<\/tr>\n<tr>\n<td>STUB END 355MM PE100, PN-10 TF INY.<\/td>\n<td>3920002032-0355<\/td>\n<td><\/td>\n<\/tr>\n<tr>\n<td>STUB END 400MM PE100, PN-10 TF INY.<\/td>\n<td>3920002032-0400<\/td>\n<td><\/td>\n<\/tr>\n<tr>\n<td>STUB END 450MM PE100, PN-10 TF INY.<\/td>\n<td>3920002032-0450<\/td>\n<td><\/td>\n<\/tr>\n<tr>\n<td>STUB END 500MM PE100, PN-10 TF INY.<\/td>\n<td>3920002032-0500<\/td>\n<td><\/td>\n<\/tr>\n<tr>\n<td>STUB END 560MM PE100, PN-10 TF INY.<\/td>\n<td>3920002032-0560<\/td>\n<td><\/td>\n<\/tr>\n<tr>\n<td>STUB END 630MM PE100, PN-10 TF INY.<\/td>\n<td>3920002032-0630<\/td>\n<td><\/td>\n<\/tr>\n<\/tbody>\n<\/table>\n","protected":false},"excerpt":{"rendered":"<p>STUB END TERMOFUSI\u00d3N INYECTADO PN-16 &nbsp; DIMENSI\u00d3N C\u00d3DIGO PRECIO STUB END 32MM PE100, PN-16 TF INY. 3910002032-0032 STUB END 40MM PE100, PN-16 TF INY. 3910002032-0040 STUB END 50MM PE100, PN-16 TF INY. 3910002032-0050 STUB END 63MM PE100, PN-16 TF INY. 3910002032-0063 STUB END 75MM PE100, PN-16 TF INY. 3910002032-0075 STUB END 90MM PE100, PN-16 TF [&hellip;]<\/p>\n","protected":false},"featured_media":4537,"comment_status":"open","ping_status":"closed","template":"","meta":{"_joinchat":[]},"product_brand":[],"product_cat":[105,129],"product_tag":[],"class_list":{"0":"post-370","1":"product","2":"type-product","3":"status-publish","4":"has-post-thumbnail","6":"product_cat-fittings-hdpe","7":"product_cat-fittings-hdpe-termofusion","9":"first","10":"instock","11":"shipping-taxable","12":"product-type-simple"},"yoast_head":"<!-- This site is optimized with the Yoast SEO plugin v27.0 - https:\/\/yoast.com\/product\/yoast-seo-wordpress\/ -->\n<title>STUB END TERMOFUSI\u00d3N INYECTADO PN-16 - Polifusi\u00f3n<\/title>\n<meta name=\"robots\" content=\"index, follow, max-snippet:-1, max-image-preview:large, max-video-preview:-1\" \/>\n<link rel=\"canonical\" href=\"https:\/\/polifusion.com\/chile\/?product=stub-end-termofusion-inyectado-pn-16\" \/>\n<meta property=\"og:locale\" content=\"es_ES\" \/>\n<meta property=\"og:type\" content=\"article\" \/>\n<meta property=\"og:title\" content=\"STUB END TERMOFUSI\u00d3N INYECTADO PN-16 - Polifusi\u00f3n\" \/>\n<meta property=\"og:description\" content=\"STUB END TERMOFUSI\u00d3N INYECTADO PN-16 &nbsp; DIMENSI\u00d3N C\u00d3DIGO PRECIO STUB END 32MM PE100, PN-16 TF INY. 3910002032-0032 STUB END 40MM PE100, PN-16 TF INY. 3910002032-0040 STUB END 50MM PE100, PN-16 TF INY. 3910002032-0050 STUB END 63MM PE100, PN-16 TF INY. 3910002032-0063 STUB END 75MM PE100, PN-16 TF INY. 3910002032-0075 STUB END 90MM PE100, PN-16 TF [&hellip;]\" \/>\n<meta property=\"og:url\" content=\"https:\/\/polifusion.com\/chile\/?product=stub-end-termofusion-inyectado-pn-16\" \/>\n<meta property=\"og:site_name\" content=\"Polifusi\u00f3n\" \/>\n<meta property=\"article:modified_time\" content=\"2025-04-30T18:55:05+00:00\" \/>\n<meta property=\"og:image\" content=\"https:\/\/polifusion.com\/chile\/wp-content\/uploads\/2025\/01\/stub-end-PN-16-inyec-termofusion_web.png\" \/>\n\t<meta property=\"og:image:width\" content=\"709\" \/>\n\t<meta property=\"og:image:height\" content=\"834\" \/>\n\t<meta property=\"og:image:type\" content=\"image\/png\" \/>\n<meta name=\"twitter:card\" content=\"summary_large_image\" \/>\n<meta name=\"twitter:label1\" content=\"Tiempo de lectura\" \/>\n\t<meta name=\"twitter:data1\" content=\"2 minutos\" \/>\n<script type=\"application\/ld+json\" class=\"yoast-schema-graph\">{\"@context\":\"https:\/\/schema.org\",\"@graph\":[{\"@type\":\"WebPage\",\"@id\":\"https:\/\/polifusion.com\/chile\/?product=stub-end-termofusion-inyectado-pn-16\",\"url\":\"https:\/\/polifusion.com\/chile\/?product=stub-end-termofusion-inyectado-pn-16\",\"name\":\"STUB END TERMOFUSI\u00d3N INYECTADO PN-16 - Polifusi\u00f3n\",\"isPartOf\":{\"@id\":\"https:\/\/polifusion.com\/chile\/#website\"},\"primaryImageOfPage\":{\"@id\":\"https:\/\/polifusion.com\/chile\/?product=stub-end-termofusion-inyectado-pn-16#primaryimage\"},\"image\":{\"@id\":\"https:\/\/polifusion.com\/chile\/?product=stub-end-termofusion-inyectado-pn-16#primaryimage\"},\"thumbnailUrl\":\"https:\/\/polifusion.com\/chile\/wp-content\/uploads\/2025\/01\/stub-end-PN-16-inyec-termofusion_web.png\",\"datePublished\":\"2025-01-27T20:49:29+00:00\",\"dateModified\":\"2025-04-30T18:55:05+00:00\",\"breadcrumb\":{\"@id\":\"https:\/\/polifusion.com\/chile\/?product=stub-end-termofusion-inyectado-pn-16#breadcrumb\"},\"inLanguage\":\"es\",\"potentialAction\":[{\"@type\":\"ReadAction\",\"target\":[\"https:\/\/polifusion.com\/chile\/?product=stub-end-termofusion-inyectado-pn-16\"]}]},{\"@type\":\"ImageObject\",\"inLanguage\":\"es\",\"@id\":\"https:\/\/polifusion.com\/chile\/?product=stub-end-termofusion-inyectado-pn-16#primaryimage\",\"url\":\"https:\/\/polifusion.com\/chile\/wp-content\/uploads\/2025\/01\/stub-end-PN-16-inyec-termofusion_web.png\",\"contentUrl\":\"https:\/\/polifusion.com\/chile\/wp-content\/uploads\/2025\/01\/stub-end-PN-16-inyec-termofusion_web.png\",\"width\":709,\"height\":834},{\"@type\":\"BreadcrumbList\",\"@id\":\"https:\/\/polifusion.com\/chile\/?product=stub-end-termofusion-inyectado-pn-16#breadcrumb\",\"itemListElement\":[{\"@type\":\"ListItem\",\"position\":1,\"name\":\"Portada\",\"item\":\"https:\/\/polifusion.com\/chile\/\"},{\"@type\":\"ListItem\",\"position\":2,\"name\":\"Tienda\",\"item\":\"https:\/\/polifusion.com\/chile\/tienda\/\"},{\"@type\":\"ListItem\",\"position\":3,\"name\":\"STUB END TERMOFUSI\u00d3N INYECTADO PN-16\"}]},{\"@type\":\"WebSite\",\"@id\":\"https:\/\/polifusion.com\/chile\/#website\",\"url\":\"https:\/\/polifusion.com\/chile\/\",\"name\":\"Polifusi\u00f3n\",\"description\":\"\",\"publisher\":{\"@id\":\"https:\/\/polifusion.com\/chile\/#organization\"},\"potentialAction\":[{\"@type\":\"SearchAction\",\"target\":{\"@type\":\"EntryPoint\",\"urlTemplate\":\"https:\/\/polifusion.com\/chile\/?s={search_term_string}\"},\"query-input\":{\"@type\":\"PropertyValueSpecification\",\"valueRequired\":true,\"valueName\":\"search_term_string\"}}],\"inLanguage\":\"es\"},{\"@type\":\"Organization\",\"@id\":\"https:\/\/polifusion.com\/chile\/#organization\",\"name\":\"Polifusi\u00f3n\",\"url\":\"https:\/\/polifusion.com\/chile\/\",\"logo\":{\"@type\":\"ImageObject\",\"inLanguage\":\"es\",\"@id\":\"https:\/\/polifusion.com\/chile\/#\/schema\/logo\/image\/\",\"url\":\"https:\/\/polifusion.com\/chile\/wp-content\/uploads\/2025\/06\/cropped-favicon_web_polifusion-2.png\",\"contentUrl\":\"https:\/\/polifusion.com\/chile\/wp-content\/uploads\/2025\/06\/cropped-favicon_web_polifusion-2.png\",\"width\":512,\"height\":512,\"caption\":\"Polifusi\u00f3n\"},\"image\":{\"@id\":\"https:\/\/polifusion.com\/chile\/#\/schema\/logo\/image\/\"},\"sameAs\":[\"https:\/\/www.instagram.com\/polifusion_chile\",\"https:\/\/www.linkedin.com\/company\/polifusin-chile\/\"]}]}<\/script>\n<!-- \/ Yoast SEO plugin. -->","yoast_head_json":{"title":"STUB END TERMOFUSI\u00d3N INYECTADO PN-16 - Polifusi\u00f3n","robots":{"index":"index","follow":"follow","max-snippet":"max-snippet:-1","max-image-preview":"max-image-preview:large","max-video-preview":"max-video-preview:-1"},"canonical":"https:\/\/polifusion.com\/chile\/?product=stub-end-termofusion-inyectado-pn-16","og_locale":"es_ES","og_type":"article","og_title":"STUB END TERMOFUSI\u00d3N INYECTADO PN-16 - Polifusi\u00f3n","og_description":"STUB END TERMOFUSI\u00d3N INYECTADO PN-16 &nbsp; DIMENSI\u00d3N C\u00d3DIGO PRECIO STUB END 32MM PE100, PN-16 TF INY. 3910002032-0032 STUB END 40MM PE100, PN-16 TF INY. 3910002032-0040 STUB END 50MM PE100, PN-16 TF INY. 3910002032-0050 STUB END 63MM PE100, PN-16 TF INY. 3910002032-0063 STUB END 75MM PE100, PN-16 TF INY. 3910002032-0075 STUB END 90MM PE100, PN-16 TF [&hellip;]","og_url":"https:\/\/polifusion.com\/chile\/?product=stub-end-termofusion-inyectado-pn-16","og_site_name":"Polifusi\u00f3n","article_modified_time":"2025-04-30T18:55:05+00:00","og_image":[{"width":709,"height":834,"url":"https:\/\/polifusion.com\/chile\/wp-content\/uploads\/2025\/01\/stub-end-PN-16-inyec-termofusion_web.png","type":"image\/png"}],"twitter_card":"summary_large_image","twitter_misc":{"Tiempo de lectura":"2 minutos"},"schema":{"@context":"https:\/\/schema.org","@graph":[{"@type":"WebPage","@id":"https:\/\/polifusion.com\/chile\/?product=stub-end-termofusion-inyectado-pn-16","url":"https:\/\/polifusion.com\/chile\/?product=stub-end-termofusion-inyectado-pn-16","name":"STUB END TERMOFUSI\u00d3N INYECTADO PN-16 - Polifusi\u00f3n","isPartOf":{"@id":"https:\/\/polifusion.com\/chile\/#website"},"primaryImageOfPage":{"@id":"https:\/\/polifusion.com\/chile\/?product=stub-end-termofusion-inyectado-pn-16#primaryimage"},"image":{"@id":"https:\/\/polifusion.com\/chile\/?product=stub-end-termofusion-inyectado-pn-16#primaryimage"},"thumbnailUrl":"https:\/\/polifusion.com\/chile\/wp-content\/uploads\/2025\/01\/stub-end-PN-16-inyec-termofusion_web.png","datePublished":"2025-01-27T20:49:29+00:00","dateModified":"2025-04-30T18:55:05+00:00","breadcrumb":{"@id":"https:\/\/polifusion.com\/chile\/?product=stub-end-termofusion-inyectado-pn-16#breadcrumb"},"inLanguage":"es","potentialAction":[{"@type":"ReadAction","target":["https:\/\/polifusion.com\/chile\/?product=stub-end-termofusion-inyectado-pn-16"]}]},{"@type":"ImageObject","inLanguage":"es","@id":"https:\/\/polifusion.com\/chile\/?product=stub-end-termofusion-inyectado-pn-16#primaryimage","url":"https:\/\/polifusion.com\/chile\/wp-content\/uploads\/2025\/01\/stub-end-PN-16-inyec-termofusion_web.png","contentUrl":"https:\/\/polifusion.com\/chile\/wp-content\/uploads\/2025\/01\/stub-end-PN-16-inyec-termofusion_web.png","width":709,"height":834},{"@type":"BreadcrumbList","@id":"https:\/\/polifusion.com\/chile\/?product=stub-end-termofusion-inyectado-pn-16#breadcrumb","itemListElement":[{"@type":"ListItem","position":1,"name":"Portada","item":"https:\/\/polifusion.com\/chile\/"},{"@type":"ListItem","position":2,"name":"Tienda","item":"https:\/\/polifusion.com\/chile\/tienda\/"},{"@type":"ListItem","position":3,"name":"STUB END TERMOFUSI\u00d3N INYECTADO PN-16"}]},{"@type":"WebSite","@id":"https:\/\/polifusion.com\/chile\/#website","url":"https:\/\/polifusion.com\/chile\/","name":"Polifusi\u00f3n","description":"","publisher":{"@id":"https:\/\/polifusion.com\/chile\/#organization"},"potentialAction":[{"@type":"SearchAction","target":{"@type":"EntryPoint","urlTemplate":"https:\/\/polifusion.com\/chile\/?s={search_term_string}"},"query-input":{"@type":"PropertyValueSpecification","valueRequired":true,"valueName":"search_term_string"}}],"inLanguage":"es"},{"@type":"Organization","@id":"https:\/\/polifusion.com\/chile\/#organization","name":"Polifusi\u00f3n","url":"https:\/\/polifusion.com\/chile\/","logo":{"@type":"ImageObject","inLanguage":"es","@id":"https:\/\/polifusion.com\/chile\/#\/schema\/logo\/image\/","url":"https:\/\/polifusion.com\/chile\/wp-content\/uploads\/2025\/06\/cropped-favicon_web_polifusion-2.png","contentUrl":"https:\/\/polifusion.com\/chile\/wp-content\/uploads\/2025\/06\/cropped-favicon_web_polifusion-2.png","width":512,"height":512,"caption":"Polifusi\u00f3n"},"image":{"@id":"https:\/\/polifusion.com\/chile\/#\/schema\/logo\/image\/"},"sameAs":["https:\/\/www.instagram.com\/polifusion_chile","https:\/\/www.linkedin.com\/company\/polifusin-chile\/"]}]}},"_links":{"self":[{"href":"https:\/\/polifusion.com\/chile\/wp-json\/wp\/v2\/product\/370","targetHints":{"allow":["GET"]}}],"collection":[{"href":"https:\/\/polifusion.com\/chile\/wp-json\/wp\/v2\/product"}],"about":[{"href":"https:\/\/polifusion.com\/chile\/wp-json\/wp\/v2\/types\/product"}],"replies":[{"embeddable":true,"href":"https:\/\/polifusion.com\/chile\/wp-json\/wp\/v2\/comments?post=370"}],"wp:featuredmedia":[{"embeddable":true,"href":"https:\/\/polifusion.com\/chile\/wp-json\/wp\/v2\/media\/4537"}],"wp:attachment":[{"href":"https:\/\/polifusion.com\/chile\/wp-json\/wp\/v2\/media?parent=370"}],"wp:term":[{"taxonomy":"product_brand","embeddable":true,"href":"https:\/\/polifusion.com\/chile\/wp-json\/wp\/v2\/product_brand?post=370"},{"taxonomy":"product_cat","embeddable":true,"href":"https:\/\/polifusion.com\/chile\/wp-json\/wp\/v2\/product_cat?post=370"},{"taxonomy":"product_tag","embeddable":true,"href":"https:\/\/polifusion.com\/chile\/wp-json\/wp\/v2\/product_tag?post=370"}],"curies":[{"name":"wp","href":"https:\/\/api.w.org\/{rel}","templated":true}]}}